{"id":2188,"date":"2019-09-30T08:00:00","date_gmt":"2019-09-30T06:00:00","guid":{"rendered":"http:\/\/18.184.73.230\/?post_type=initiativen&#038;p=2188"},"modified":"2025-08-27T17:36:40","modified_gmt":"2025-08-27T15:36:40","slug":"regines-kinderwiesn-2019","status":"publish","type":"initiativen","link":"https:\/\/drying-little-tears.org\/fr\/initiatives\/regines-kinderwiesn-2019\/","title":{"rendered":"Regines Kinderwiesn 2019"},"content":{"rendered":"<p>Le 30 septembre, la Fondation d\u2019Aide \u00e0 l\u2019Enfance Regine Sixt \"S\u00e9chez les Petites Larmes\" a invit\u00e9 des enfants dans le besoin \u00e0 l'Oktoberfest de Munich pour la 20e fois. Environ 150 enfants malades et dans le besoin, issus de 11 \u00e9tablissements, sont venus de toute l'Allemagne pour passer une journ\u00e9e agr\u00e9able \u00e0 la f\u00eate populaire avec leurs accompagnateurs.<\/p>\n\n\n\n<p>Comme le veut la tradition, un programme haut en couleur attendait les jeunes invit\u00e9s cette ann\u00e9e. Apr\u00e8s une conversation amusante avec un magicien, un sculpteur de ballons et avoir profit\u00e9 de la musique, ils d\u00e9gust\u00e8rent de d\u00e9licieuses sp\u00e9cialit\u00e9s de l'Oktoberfest, puis partirent \u00e0 la d\u00e9couverte du festival folklorique \u00e0 l'occasion d'une promenade comprenant quelques tours de man\u00e8ge et des sucreries. Lorsque les enfants re\u00e7urent leurs cadeaux \u00e0 la fin de la journ\u00e9e, leurs yeux brillaient de gratitude et de joie.<\/p>\n\n\n\n<p><strong>Regine Sixt :&nbsp;<\/strong>\u00ab Le Regines Kinderwiesn \u00e9tait tr\u00e8s sp\u00e9cial pour moi aussi cette ann\u00e9e. Je suis heureuse de pouvoir faire sourire des enfants qui connaissent \u00e9norm\u00e9ment de souffrance dans leur vie quotidienne. Gr\u00e2ce \u00e0 ces nombreuses attractions, nous leur permettons de profiter d'une journ\u00e9e agr\u00e9able loin du quotidien de l\u2019h\u00f4pital. C'est la t\u00e2che tr\u00e8s importante de ma fondation d'aide \u00e0 l'enfance d'aider les enfants dans le besoin et de leur permettre de vivre pleinement. Je voudrais en particulier remercier tous les assistants et sponsors qui ont rendu possible le 20e Kinderwiesn \u00e0 nos c\u00f4t\u00e9s. \u00bb<\/p>\n\n\n\n<p>Le \u00ab Regines Kinderwiesn \u00bb a \u00e9t\u00e9 soutenu par Sch\u00fctzenfestzelt-Wirt Ludwig Reinbold et le Dr Auma Obama, qui a pris soin des enfants pr\u00e9sents sur place. Avec sa fondation \u00ab Auma Obama Foundation - Sauti Kuu \u00bb, le Dr Auma Obama s\u2019engage \u00e0 offrir aux enfants et aux jeunes d\u00e9favoris\u00e9s du monde entier des perspectives pour une vie ind\u00e9pendante.<\/p>","protected":false},"author":6,"featured_media":2190,"template":"","class_list":["post-2188","initiativen","type-initiativen","status-publish","has-post-thumbnail","hentry"],"_links":{"self":[{"href":"https:\/\/drying-little-tears.org\/fr\/wp-json\/wp\/v2\/initiativen\/2188","targetHints":{"allow":["GET"]}}],"collection":[{"href":"https:\/\/drying-little-tears.org\/fr\/wp-json\/wp\/v2\/initiativen"}],"about":[{"href":"https:\/\/drying-little-tears.org\/fr\/wp-json\/wp\/v2\/types\/initiativen"}],"author":[{"embeddable":true,"href":"https:\/\/drying-little-tears.org\/fr\/wp-json\/wp\/v2\/users\/6"}],"version-history":[{"count":0,"href":"https:\/\/drying-little-tears.org\/fr\/wp-json\/wp\/v2\/initiativen\/2188\/revisions"}],"wp:featuredmedia":[{"embeddable":true,"href":"https:\/\/drying-little-tears.org\/fr\/wp-json\/wp\/v2\/media\/2190"}],"wp:attachment":[{"href":"https:\/\/drying-little-tears.org\/fr\/wp-json\/wp\/v2\/media?parent=2188"}],"curies":[{"name":"wp","href":"https:\/\/api.w.org\/{rel}","templated":true}]}}

<p>Le 30 septembre, la Fondation d’Aide à l’Enfance Regine Sixt "Séchez les Petites Larmes" a invité des enfants dans le besoin à l'Oktoberfest de Munich pour la 20e fois. Environ 150 enfants malades et dans le besoin, issus de 11 établissements, sont venus de toute l'Allemagne pour passer une journée agréable à la fête populaire avec leurs accompagnateurs.</p>



<p>Comme le veut la tradition, un programme haut en couleur attendait les jeunes invités cette année. Après une conversation amusante avec un magicien, un sculpteur de ballons et avoir profité de la musique, ils dégustèrent de délicieuses spécialités de l'Oktoberfest, puis partirent à la découverte du festival folklorique à l'occasion d'une promenade comprenant quelques tours de manège et des sucreries. Lorsque les enfants reçurent leurs cadeaux à la fin de la journée, leurs yeux brillaient de gratitude et de joie.</p>



<p><strong>Regine Sixt :&nbsp;</strong>« Le Regines Kinderwiesn était très spécial pour moi aussi cette année. Je suis heureuse de pouvoir faire sourire des enfants qui connaissent énormément de souffrance dans leur vie quotidienne. Grâce à ces nombreuses attractions, nous leur permettons de profiter d'une journée agréable loin du quotidien de l’hôpital. C'est la tâche très importante de ma fondation d'aide à l'enfance d'aider les enfants dans le besoin et de leur permettre de vivre pleinement. Je voudrais en particulier remercier tous les assistants et sponsors qui ont rendu possible le 20e Kinderwiesn à nos côtés. »</p>



<p>Le « Regines Kinderwiesn » a été soutenu par Schützenfestzelt-Wirt Ludwig Reinbold et le Dr Auma Obama, qui a pris soin des enfants présents sur place. Avec sa fondation « Auma Obama Foundation - Sauti Kuu », le Dr Auma Obama s’engage à offrir aux enfants et aux jeunes défavorisés du monde entier des perspectives pour une vie indépendante.</p>
