{"id":19321,"date":"2024-07-18T14:23:51","date_gmt":"2024-07-18T12:23:51","guid":{"rendered":"https:\/\/drying-little-tears.org\/?post_type=initiativen&#038;p=19321"},"modified":"2025-08-27T17:20:48","modified_gmt":"2025-08-27T15:20:48","slug":"125-anos-del-orfanato-de-munich","status":"publish","type":"initiativen","link":"https:\/\/drying-little-tears.org\/es\/iniciativas\/125-anos-del-orfanato-de-munich\/","title":{"rendered":"125 a\u00f1os del orfanato de Munich"},"content":{"rendered":"<p>L'orfanotrofio di Monaco festeggia quest'anno il suo 125\u00b0 anniversario. Nell'ambito di un festival estivo, i bambini e i giovani hanno festeggiato insieme a accompagnatori, genitori, amici e sponsor. Come partner di lunga data, anche noi eravamo presenti e abbiamo sostenuto il festival non solo supervisionando una ruota della fortuna con regali, ma anche organizzando stazioni come la corsa dei tori, il truccabimbi e la scatola fotografica.&nbsp;&nbsp;<\/p>\n\n\n\n<p>Como uno de los tres hogares infantiles y juveniles municipales, el orfanato ofrece a 137 ni\u00f1os y j\u00f3venes de entre 0 y 21 a\u00f1os un lugar seguro para crecer. Los ni\u00f1os y j\u00f3venes viven en un total de 16 grupos residenciales con una rutina diaria curativa que les brinda estructura y seguridad, as\u00ed como la oportunidad de desarrollarse y crecer.&nbsp;&nbsp;&nbsp;<\/p>\n\n\n\n<p>\u00a1Le agradecemos su colaboraci\u00f3n de confianza durante muchos a\u00f1os y esperamos futuros proyectos conjuntos!<\/p>","protected":false},"author":4,"featured_media":19322,"template":"","class_list":["post-19321","initiativen","type-initiativen","status-publish","has-post-thumbnail","hentry"],"_links":{"self":[{"href":"https:\/\/drying-little-tears.org\/es\/wp-json\/wp\/v2\/initiativen\/19321","targetHints":{"allow":["GET"]}}],"collection":[{"href":"https:\/\/drying-little-tears.org\/es\/wp-json\/wp\/v2\/initiativen"}],"about":[{"href":"https:\/\/drying-little-tears.org\/es\/wp-json\/wp\/v2\/types\/initiativen"}],"author":[{"embeddable":true,"href":"https:\/\/drying-little-tears.org\/es\/wp-json\/wp\/v2\/users\/4"}],"version-history":[{"count":0,"href":"https:\/\/drying-little-tears.org\/es\/wp-json\/wp\/v2\/initiativen\/19321\/revisions"}],"wp:featuredmedia":[{"embeddable":true,"href":"https:\/\/drying-little-tears.org\/es\/wp-json\/wp\/v2\/media\/19322"}],"wp:attachment":[{"href":"https:\/\/drying-little-tears.org\/es\/wp-json\/wp\/v2\/media?parent=19321"}],"curies":[{"name":"wp","href":"https:\/\/api.w.org\/{rel}","templated":true}]}}

125 años del orfanato de Munich

<p>L'orfanotrofio di Monaco festeggia quest'anno il suo 125° anniversario. Nell'ambito di un festival estivo, i bambini e i giovani hanno festeggiato insieme a accompagnatori, genitori, amici e sponsor. Come partner di lunga data, anche noi eravamo presenti e abbiamo sostenuto il festival non solo supervisionando una ruota della fortuna con regali, ma anche organizzando stazioni come la corsa dei tori, il truccabimbi e la scatola fotografica.&nbsp;&nbsp;</p>



<p>Como uno de los tres hogares infantiles y juveniles municipales, el orfanato ofrece a 137 niños y jóvenes de entre 0 y 21 años un lugar seguro para crecer. Los niños y jóvenes viven en un total de 16 grupos residenciales con una rutina diaria curativa que les brinda estructura y seguridad, así como la oportunidad de desarrollarse y crecer.&nbsp;&nbsp;&nbsp;</p>



<p>¡Le agradecemos su colaboración de confianza durante muchos años y esperamos futuros proyectos conjuntos!</p>
