{"id":14798,"date":"2018-08-14T13:52:00","date_gmt":"2018-08-14T11:52:00","guid":{"rendered":"https:\/\/drying-little-tears.org\/?post_type=initiativen&#038;p=14798"},"modified":"2025-08-27T17:37:22","modified_gmt":"2025-08-27T15:37:22","slug":"reforma-y-mejora-del-jardin-de-la-casa-de-acogida-atemreich","status":"publish","type":"initiativen","link":"https:\/\/drying-little-tears.org\/es\/iniciativas\/reforma-y-mejora-del-jardin-de-la-casa-de-acogida-atemreich\/","title":{"rendered":"Reforma y mejora del jard\u00edn de la casa de acogida AtemReich"},"content":{"rendered":"<p>Un d\u00eda de julio, el equipo de operaciones de franquicias de SIXT se tom\u00f3 un breve descanso de responder correos electr\u00f3nicos, planificar ventas y pas\u00f3 un d\u00eda SECA L\u00c1GRIMAS renovando el hogar infantil AtemReich en M\u00fanich. Todo el equipo ha renovado el tobog\u00e1n y el columpio con energ\u00eda e ilusi\u00f3n para que los ni\u00f1os puedan volver a jugar all\u00ed sin preocupaciones. Adem\u00e1s, se redise\u00f1\u00f3 el jard\u00edn y se decoraron las aulas con motivos positivos, que los ni\u00f1os observaron con gran emoci\u00f3n. El d\u00eda termin\u00f3 con una agradable velada de barbacoa junto con los profesores y fisioterapeutas.<\/p>\n\n\n\n<p class=\"translation-block\">Testimonios de los empleados: \u201cEl d\u00eda fue una gran oportunidad para ayudar a los dem\u00e1s. Estoy m\u00e1s que agradecida por todo lo que he recibido en mi vida y estoy feliz de devolver algo a los dem\u00e1s\".<br>\"Estoy tan feliz de haber podido ayudar a las personas que realmente lo necesitan dedicando unas horas e hizo que los hogares de los ni\u00f1os enfermos y los lugares de trabajo de sus cuidadores fueran un poco m\u00e1s agradables. D\u00edas como este te traen a la tierra y te hacen apreciar lo que tienes. Espero poder participar en un d\u00eda de SECAR PEQUE\u00d1OS L\u00c1GRIMAS pronto\".<br>\"Fue una gran sensaci\u00f3n, las caras felices de los ni\u00f1os y supervisores del hogar infantil AtemReich una vez finalizada la obra. Espero que pasen muchas horas felices en su nuevo jard\u00edn\u201d.<\/p>","protected":false},"author":4,"featured_media":14800,"template":"","class_list":["post-14798","initiativen","type-initiativen","status-publish","has-post-thumbnail","hentry"],"_links":{"self":[{"href":"https:\/\/drying-little-tears.org\/es\/wp-json\/wp\/v2\/initiativen\/14798","targetHints":{"allow":["GET"]}}],"collection":[{"href":"https:\/\/drying-little-tears.org\/es\/wp-json\/wp\/v2\/initiativen"}],"about":[{"href":"https:\/\/drying-little-tears.org\/es\/wp-json\/wp\/v2\/types\/initiativen"}],"author":[{"embeddable":true,"href":"https:\/\/drying-little-tears.org\/es\/wp-json\/wp\/v2\/users\/4"}],"version-history":[{"count":0,"href":"https:\/\/drying-little-tears.org\/es\/wp-json\/wp\/v2\/initiativen\/14798\/revisions"}],"wp:featuredmedia":[{"embeddable":true,"href":"https:\/\/drying-little-tears.org\/es\/wp-json\/wp\/v2\/media\/14800"}],"wp:attachment":[{"href":"https:\/\/drying-little-tears.org\/es\/wp-json\/wp\/v2\/media?parent=14798"}],"curies":[{"name":"wp","href":"https:\/\/api.w.org\/{rel}","templated":true}]}}

Reforma y mejora del jardín de la casa de acogida AtemReich

<p>Un día de julio, el equipo de operaciones de franquicias de SIXT se tomó un breve descanso de responder correos electrónicos, planificar ventas y pasó un día SECA LÁGRIMAS renovando el hogar infantil AtemReich en Múnich. Todo el equipo ha renovado el tobogán y el columpio con energía e ilusión para que los niños puedan volver a jugar allí sin preocupaciones. Además, se rediseñó el jardín y se decoraron las aulas con motivos positivos, que los niños observaron con gran emoción. El día terminó con una agradable velada de barbacoa junto con los profesores y fisioterapeutas.</p>



<p class="translation-block">Testimonios de los empleados: “El día fue una gran oportunidad para ayudar a los demás. Estoy más que agradecida por todo lo que he recibido en mi vida y estoy feliz de devolver algo a los demás".<br>"Estoy tan feliz de haber podido ayudar a las personas que realmente lo necesitan dedicando unas horas e hizo que los hogares de los niños enfermos y los lugares de trabajo de sus cuidadores fueran un poco más agradables. Días como este te traen a la tierra y te hacen apreciar lo que tienes. Espero poder participar en un día de SECAR PEQUEÑOS LÁGRIMAS pronto".<br>"Fue una gran sensación, las caras felices de los niños y supervisores del hogar infantil AtemReich una vez finalizada la obra. Espero que pasen muchas horas felices en su nuevo jardín”.</p>
