{"id":12790,"date":"2022-03-10T15:03:11","date_gmt":"2022-03-10T14:03:11","guid":{"rendered":"https:\/\/drying-little-tears.org\/?post_type=initiativen&#038;p=12790"},"modified":"2025-08-27T17:31:57","modified_gmt":"2025-08-27T15:31:57","slug":"gran-disposicion-de-ayudar-de-los-empleados-de-sixt","status":"publish","type":"initiativen","link":"https:\/\/drying-little-tears.org\/es\/iniciativas\/gran-disposicion-de-ayudar-de-los-empleados-de-sixt\/","title":{"rendered":"Gran voluntad de ayuda por parte de los empleados de SIXT"},"content":{"rendered":"<p>Los empleados de SIXT de toda Europa participan activamente en la ayuda a los refugiados de Ucrania y muchos est\u00e1n dispuestos a hacer a\u00fan m\u00e1s. La Fundaci\u00f3n de Ayuda a la Infancia Regine Sixt ha hecho un llamamiento a todos los empleados de M\u00fanich para que apoyen la campa\u00f1a de recogida de la Comunidad Cat\u00f3lica Ucraniana.<\/p>\n\n\n\n<p>Desde hace unos d\u00edas, los empleados pueden dejar diariamente en la sede de Pullach los suministros de ayuda que se necesitan con urgencia para beb\u00e9s y ni\u00f1os peque\u00f1os, y estamos abrumados por el generoso apoyo. Muchos empleados siguen la llamada y se aseguran de que la furgoneta se llene r\u00e1pidamente.<\/p>","protected":false},"author":4,"featured_media":12936,"template":"","class_list":["post-12790","initiativen","type-initiativen","status-publish","has-post-thumbnail","hentry"],"_links":{"self":[{"href":"https:\/\/drying-little-tears.org\/es\/wp-json\/wp\/v2\/initiativen\/12790","targetHints":{"allow":["GET"]}}],"collection":[{"href":"https:\/\/drying-little-tears.org\/es\/wp-json\/wp\/v2\/initiativen"}],"about":[{"href":"https:\/\/drying-little-tears.org\/es\/wp-json\/wp\/v2\/types\/initiativen"}],"author":[{"embeddable":true,"href":"https:\/\/drying-little-tears.org\/es\/wp-json\/wp\/v2\/users\/4"}],"version-history":[{"count":0,"href":"https:\/\/drying-little-tears.org\/es\/wp-json\/wp\/v2\/initiativen\/12790\/revisions"}],"wp:featuredmedia":[{"embeddable":true,"href":"https:\/\/drying-little-tears.org\/es\/wp-json\/wp\/v2\/media\/12936"}],"wp:attachment":[{"href":"https:\/\/drying-little-tears.org\/es\/wp-json\/wp\/v2\/media?parent=12790"}],"curies":[{"name":"wp","href":"https:\/\/api.w.org\/{rel}","templated":true}]}}

<p>Los empleados de SIXT de toda Europa participan activamente en la ayuda a los refugiados de Ucrania y muchos están dispuestos a hacer aún más. La Fundación de Ayuda a la Infancia Regine Sixt ha hecho un llamamiento a todos los empleados de Múnich para que apoyen la campaña de recogida de la Comunidad Católica Ucraniana.</p>



<p>Desde hace unos días, los empleados pueden dejar diariamente en la sede de Pullach los suministros de ayuda que se necesitan con urgencia para bebés y niños pequeños, y estamos abrumados por el generoso apoyo. Muchos empleados siguen la llamada y se aseguran de que la furgoneta se llene rápidamente.</p>
