{"id":1734,"date":"2020-09-07T17:25:00","date_gmt":"2020-09-07T15:25:00","guid":{"rendered":"http:\/\/18.184.73.230\/?post_type=alle_projekte&#038;p=1734"},"modified":"2023-02-10T15:19:42","modified_gmt":"2023-02-10T14:19:42","slug":"acceso-sin-barreras-al-lago-de-bano","status":"publish","type":"alle_projekte","link":"https:\/\/drying-little-tears.org\/es\/proyecto\/acceso-sin-barreras-al-lago-de-bano\/","title":{"rendered":"Acceso sin barreras al lago de ba\u00f1o"},"content":{"rendered":"<p>Los empleados de SIXT Austria recogieron los primeros donativos para el acceso sin barreras al lago de ba\u00f1o de la Sonneninsel en una rifa y presentaron el proyecto de la Fundaci\u00f3n de Ayuda a la Infancia Regine Sixt Kinderhilfe Stiftung SECANDO PEQUE\u00d1AS LAGRIMAS.<\/p>\n\n\n\n<p>Seg\u00fan el lema \"Donde hay alegr\u00eda, hay vida\", la Sonneninsel organiza diversos programas para acompa\u00f1ar a los ni\u00f1os con c\u00e1ncer y a sus familias en su vuelta a la vida cotidiana. Esto se consigue con la ayuda de terapeutas formados a trav\u00e9s de: m\u00e9todos de educaci\u00f3n experiencial como la escalada, el pirag\u00fcismo, actividades creativas y artesanales como la pintura y la cer\u00e1mica, conversaciones con personas de la misma edad que est\u00e1n afectadas, discusiones individuales y de grupo guiadas terap\u00e9uticamente, m\u00fasica, teatro y juegos de rol, ejercicios de relajaci\u00f3n y diversi\u00f3n con compa\u00f1eros de la misma edad que est\u00e1n afectados por el c\u00e1ncer.<\/p>\n\n\n\n<p>El peque\u00f1o lago con la entrada a trav\u00e9s del Fischach en los terrenos de la Sonneninsel no se pod\u00eda utilizar hasta ahora. Gracias a la donaci\u00f3n y a la renaturalizaci\u00f3n y ampliaci\u00f3n de la orilla, se ha podido facilitar el acceso a los ni\u00f1os con c\u00e1ncer y a los antiguos enfermos de c\u00e1ncer. Adem\u00e1s, la reconstrucci\u00f3n de la entrada evit\u00f3 el desbordamiento en el futuro.<\/p>\n\n\n\n<p>\"Muchas, muchas, muchas gracias por el gran compromiso de la Fundaci\u00f3n de Ayuda a la Infancia Regine Sixt y de todos los implicados. Sin esto, nuestro sue\u00f1o de la Isla del Sol no se habr\u00eda hecho realidad. Es un elemento importante que mejora nuestras ofertas al aire libre y las hace accesibles a todos nuestros hu\u00e9spedes en el sentido de la inclusi\u00f3n\", Thomas Janik, Director General de Sonneninsel.<\/p>","protected":false},"author":4,"featured_media":1738,"template":"","projekte":[13],"class_list":["post-1734","alle_projekte","type-alle_projekte","status-publish","has-post-thumbnail","hentry","projekte-fuersorge"],"_links":{"self":[{"href":"https:\/\/drying-little-tears.org\/es\/wp-json\/wp\/v2\/alle_projekte\/1734","targetHints":{"allow":["GET"]}}],"collection":[{"href":"https:\/\/drying-little-tears.org\/es\/wp-json\/wp\/v2\/alle_projekte"}],"about":[{"href":"https:\/\/drying-little-tears.org\/es\/wp-json\/wp\/v2\/types\/alle_projekte"}],"author":[{"embeddable":true,"href":"https:\/\/drying-little-tears.org\/es\/wp-json\/wp\/v2\/users\/4"}],"wp:featuredmedia":[{"embeddable":true,"href":"https:\/\/drying-little-tears.org\/es\/wp-json\/wp\/v2\/media\/1738"}],"wp:attachment":[{"href":"https:\/\/drying-little-tears.org\/es\/wp-json\/wp\/v2\/media?parent=1734"}],"wp:term":[{"taxonomy":"projekte","embeddable":true,"href":"https:\/\/drying-little-tears.org\/es\/wp-json\/wp\/v2\/projekte?post=1734"}],"curies":[{"name":"wp","href":"https:\/\/api.w.org\/{rel}","templated":true}]}}

Acceso sin barreras al lago de baño

<p>Los empleados de SIXT Austria recogieron los primeros donativos para el acceso sin barreras al lago de baño de la Sonneninsel en una rifa y presentaron el proyecto de la Fundación de Ayuda a la Infancia Regine Sixt Kinderhilfe Stiftung SECANDO PEQUEÑAS LAGRIMAS.</p>



<p>Según el lema "Donde hay alegría, hay vida", la Sonneninsel organiza diversos programas para acompañar a los niños con cáncer y a sus familias en su vuelta a la vida cotidiana. Esto se consigue con la ayuda de terapeutas formados a través de: métodos de educación experiencial como la escalada, el piragüismo, actividades creativas y artesanales como la pintura y la cerámica, conversaciones con personas de la misma edad que están afectadas, discusiones individuales y de grupo guiadas terapéuticamente, música, teatro y juegos de rol, ejercicios de relajación y diversión con compañeros de la misma edad que están afectados por el cáncer.</p>



<p>El pequeño lago con la entrada a través del Fischach en los terrenos de la Sonneninsel no se podía utilizar hasta ahora. Gracias a la donación y a la renaturalización y ampliación de la orilla, se ha podido facilitar el acceso a los niños con cáncer y a los antiguos enfermos de cáncer. Además, la reconstrucción de la entrada evitó el desbordamiento en el futuro.</p>



<p>"Muchas, muchas, muchas gracias por el gran compromiso de la Fundación de Ayuda a la Infancia Regine Sixt y de todos los implicados. Sin esto, nuestro sueño de la Isla del Sol no se habría hecho realidad. Es un elemento importante que mejora nuestras ofertas al aire libre y las hace accesibles a todos nuestros huéspedes en el sentido de la inclusión", Thomas Janik, Director General de Sonneninsel.</p>
