{"id":16725,"date":"2023-11-08T13:45:34","date_gmt":"2023-11-08T12:45:34","guid":{"rendered":"https:\/\/drying-little-tears.org\/?post_type=alle_projekte&#038;p=16725"},"modified":"2024-01-24T14:13:22","modified_gmt":"2024-01-24T13:13:22","slug":"un-nuevo-gimnasio-para-el-orfanato-de-munich","status":"publish","type":"alle_projekte","link":"https:\/\/drying-little-tears.org\/es\/proyecto\/un-nuevo-gimnasio-para-el-orfanato-de-munich\/","title":{"rendered":"Un nuevo gimnasio para el orfanato de M\u00fanich"},"content":{"rendered":"<p>Fundado en 1899, el orfanato de M\u00fanich tiene 134 plazas y ofrece un hogar temporal a ni\u00f1os de or\u00edgenes muy diversos. Ofrece atenci\u00f3n educativa en la residencia y en el centro de d\u00eda, centr\u00e1ndose en medidas sociales, curativas y psicol\u00f3gicas. Se renov\u00f3 todo el gimnasio, incluidas nuevas vigas de acero a las que se fijaron anillas para gimnasia. El suelo existente se sustituy\u00f3 por una moderna tarima de danza. Para mejorar en general el clima interior, se elimin\u00f3 la pintura de l\u00e1tex circundante de todas las paredes y se instalaron paneles con cubreventanas integrados y paneles para radiadores. Para ampliar y mejorar la usabilidad, se integraron un espejo para bailar y un moderno muro de boulder. Los participantes en el proyecto, pero sobre todo los ni\u00f1os y j\u00f3venes del orfanato, ya pueden disfrutar del nuevo gimnasio.<\/p>\n\n\n\n<figure class=\"wp-block-image size-large\"><img fetchpriority=\"high\" decoding=\"async\" width=\"1024\" height=\"681\" src=\"https:\/\/drying-little-tears.org\/wp-content\/uploads\/2023\/11\/DZ6_7514_kopie-1024x681.jpg\" alt=\"\" class=\"wp-image-16740\" srcset=\"https:\/\/drying-little-tears.org\/wp-content\/uploads\/2023\/11\/DZ6_7514_kopie-1024x681.jpg 1024w, https:\/\/drying-little-tears.org\/wp-content\/uploads\/2023\/11\/DZ6_7514_kopie-300x200.jpg 300w, https:\/\/drying-little-tears.org\/wp-content\/uploads\/2023\/11\/DZ6_7514_kopie-768x511.jpg 768w, https:\/\/drying-little-tears.org\/wp-content\/uploads\/2023\/11\/DZ6_7514_kopie-1536x1022.jpg 1536w, https:\/\/drying-little-tears.org\/wp-content\/uploads\/2023\/11\/DZ6_7514_kopie-2048x1363.jpg 2048w, https:\/\/drying-little-tears.org\/wp-content\/uploads\/2023\/11\/DZ6_7514_kopie-18x12.jpg 18w\" sizes=\"(max-width: 1024px) 100vw, 1024px\" \/><\/figure>\n\n\n\n<p>Despu\u00e9s de un largo per\u00edodo de construcci\u00f3n, en la primavera de 2023 finalmente se complet\u00f3 la renovaci\u00f3n del gimnasio del orfanato de M\u00fanich y se inaugur\u00f3 oficialmente en el marco de un festival deportivo para ni\u00f1os. Adem\u00e1s de la ceremonia de inauguraci\u00f3n del gimnasio, los ni\u00f1os se divirtieron mucho poniendo a prueba sus habilidades en varias estaciones bajo la supervisi\u00f3n de los empleados de SIXT. \u00a1El ambiente era genial y los ni\u00f1os brillaban tan intensamente como el sol ese d\u00eda!<\/p>\n\n\n\n<p>\u201cTenemos un fant\u00e1stico gimnasio nuevo que cuenta con mucha asistencia y, por lo tanto, siempre est\u00e1 completo. Permite a todos nuestros ni\u00f1os entrenar y el deporte aleja los pensamientos tristes. \u00a1Muchas gracias a la Fundaci\u00f3n Regine Sixt para la Infancia!\u201d, Katrin Breu, directora del orfanato de M\u00fanich<\/p>","protected":false},"author":4,"featured_media":16734,"template":"","projekte":[13],"class_list":["post-16725","alle_projekte","type-alle_projekte","status-publish","has-post-thumbnail","hentry","projekte-fuersorge"],"_links":{"self":[{"href":"https:\/\/drying-little-tears.org\/es\/wp-json\/wp\/v2\/alle_projekte\/16725","targetHints":{"allow":["GET"]}}],"collection":[{"href":"https:\/\/drying-little-tears.org\/es\/wp-json\/wp\/v2\/alle_projekte"}],"about":[{"href":"https:\/\/drying-little-tears.org\/es\/wp-json\/wp\/v2\/types\/alle_projekte"}],"author":[{"embeddable":true,"href":"https:\/\/drying-little-tears.org\/es\/wp-json\/wp\/v2\/users\/4"}],"wp:featuredmedia":[{"embeddable":true,"href":"https:\/\/drying-little-tears.org\/es\/wp-json\/wp\/v2\/media\/16734"}],"wp:attachment":[{"href":"https:\/\/drying-little-tears.org\/es\/wp-json\/wp\/v2\/media?parent=16725"}],"wp:term":[{"taxonomy":"projekte","embeddable":true,"href":"https:\/\/drying-little-tears.org\/es\/wp-json\/wp\/v2\/projekte?post=16725"}],"curies":[{"name":"wp","href":"https:\/\/api.w.org\/{rel}","templated":true}]}}

Un nuevo gimnasio para el orfanato de Múnich

<p>Fundado en 1899, el orfanato de Múnich tiene 134 plazas y ofrece un hogar temporal a niños de orígenes muy diversos. Ofrece atención educativa en la residencia y en el centro de día, centrándose en medidas sociales, curativas y psicológicas. Se renovó todo el gimnasio, incluidas nuevas vigas de acero a las que se fijaron anillas para gimnasia. El suelo existente se sustituyó por una moderna tarima de danza. Para mejorar en general el clima interior, se eliminó la pintura de látex circundante de todas las paredes y se instalaron paneles con cubreventanas integrados y paneles para radiadores. Para ampliar y mejorar la usabilidad, se integraron un espejo para bailar y un moderno muro de boulder. Los participantes en el proyecto, pero sobre todo los niños y jóvenes del orfanato, ya pueden disfrutar del nuevo gimnasio.</p>



<figure class="wp-block-image size-large"><img fetchpriority="high" decoding="async" width="1024" height="681" src="https://drying-little-tears.org/wp-content/uploads/2023/11/DZ6_7514_kopie-1024x681.jpg" alt="" class="wp-image-16740" srcset="https://drying-little-tears.org/wp-content/uploads/2023/11/DZ6_7514_kopie-1024x681.jpg 1024w, https://drying-little-tears.org/wp-content/uploads/2023/11/DZ6_7514_kopie-300x200.jpg 300w, https://drying-little-tears.org/wp-content/uploads/2023/11/DZ6_7514_kopie-768x511.jpg 768w, https://drying-little-tears.org/wp-content/uploads/2023/11/DZ6_7514_kopie-1536x1022.jpg 1536w, https://drying-little-tears.org/wp-content/uploads/2023/11/DZ6_7514_kopie-2048x1363.jpg 2048w, https://drying-little-tears.org/wp-content/uploads/2023/11/DZ6_7514_kopie-18x12.jpg 18w" sizes="(max-width: 1024px) 100vw, 1024px" /></figure>



<p>Después de un largo período de construcción, en la primavera de 2023 finalmente se completó la renovación del gimnasio del orfanato de Múnich y se inauguró oficialmente en el marco de un festival deportivo para niños. Además de la ceremonia de inauguración del gimnasio, los niños se divirtieron mucho poniendo a prueba sus habilidades en varias estaciones bajo la supervisión de los empleados de SIXT. ¡El ambiente era genial y los niños brillaban tan intensamente como el sol ese día!</p>



<p>“Tenemos un fantástico gimnasio nuevo que cuenta con mucha asistencia y, por lo tanto, siempre está completo. Permite a todos nuestros niños entrenar y el deporte aleja los pensamientos tristes. ¡Muchas gracias a la Fundación Regine Sixt para la Infancia!”, Katrin Breu, directora del orfanato de Múnich</p>
